.
2, 3, 97
What are the prime factors of 53805?
3, 5, 17, 211
List the prime factors of 925.
5, 37
What are the prime factors of 3815?
5, 7, 109
List the prime factors of 3507.
3, 7, 167
What are the prime factors of 44271?
3, 4919
List the prime factors of 1901.
1901
List the prime factors of 102475.
5, 4099
List the prime factors of 68055.
3, 5, 13, 349
What are the prime factors of 2405?
5, 13, 37
What are the prime factors of 2660?
2, 5, 7, 19
List the prime factors of 46332.
2, 3, 11, 13
What are the prime factors of 796?
2, 199
What are the prime factors of 75095?
5, 23, 653
List the prime factors of 8297.
8297
What are the prime factors of 13594?
2, 7, 971
What are the prime factors of 3254?
2, 1627
What are the prime factors of 37769?
179, 211
What are the prime factors of 6127?
11, 557
What are the prime factors of 8669?
8669
List the prime factors of 2877.
3, 7, 137
What are the prime factors of 1699?
1699
What are the prime factors of 519?
3, 173
What are the prime factors of 37156?
2, 7, 1327
List the prime factors of 20628.
2, 3, 191
List the prime factors of 20463.
3, 19, 359
What are the prime factors of 69200?
2, 5, 173
List the prime factors of 1354.
2, 677
List the prime factors of 11708.
2, 2927
List the prime factors of 10865.
5, 41, 53
List the prime factors of 13259.
13259
List the prime factors of 71798.
2, 35899
What are the prime factors of 12953?
12953
What are the prime factors of 1614?
2, 3, 269
List the prime factors of 1860.
2, 3, 5, 31
List the prime factors of 8922.
2, 3, 1487
What are the prime factors of 11351?
11351
List the prime factors of 13372.
2, 3343
List the prime factors of 7018.
2, 11, 29
List the prime factors of 16625.
5, 7, 19
What are the prime factors of 867?
3, 17
What are the prime factors of 3741?
3, 29, 43
What are the prime factors of 5019?
3, 7, 239
List the prime factors of 8332.
2, 2083
What are the prime factors of 2849?
7, 11, 37
What are the prime factors of 46382?
2, 7, 3313
What are the prime factors of 4241?
4241
What are the prime factors of 57048?
2, 3, 2377
List the prime factors of 486.
2, 3
List the prime factors of 29780.
2, 5, 1489
List the prime factors of 73.
73
List the prime factors of 3024.
2, 3, 7
What are the prime factors of 3681?
3, 409
List the prime factors of 12017.
61, 197
What are the prime factors of 292?
2, 73
List the prime factors of 1315.
5, 263
What are the prime factors of 44976?
2, 3, 937
What are the prime factors of 34558?
2, 37, 467
List the prime factors of 2615.
5, 523
What are the prime factors of 301?
7, 43
What are the prime factors of 2561?
13, 197
List the prime factors of 606.
2, 3, 101
What are the prime factors of 27440?
2, 5, 7
List the prime factors of 1947.
3, 11, 59
What are the prime factors of 11959?
11959
List the prime factors of 1605.
3, 5, 107
List the prime factors of 604.
2, 151
List the prime factors of 45963.
3, 5107
List the prime factors of 466.
2, 233
List the prime factors of 1237.
1237
What are the prime factors of 57?
3, 19
What are the prime factors of 224?
2, 7
What are the prime factors of 408?
2, 3, 17
List the prime factors of 22.
2, 11
What are the prime factors of 4678?
2, 2339
What are the prime factors of 375?
3, 5
List the prime factors of 30915.
3, 5, 229
What are the prime factors of 5638?
2, 2819
What are the prime factors of 130676?
2, 7, 13, 359
List the prime factors of 1420.
2, 5, 71
List the prime factors of 23064.
2, 3, 31
What are the prime factors of 2293?
2293
What are the prime factors of 792?
2, 3, 11
What are the prime factors of 17811?
3, 1979
What are the prime factors of 405?
3, 5
List the prime factors of 5757.
3, 19, 101
What are the prime factors of 2137?
2137
What are the prime factors of 108?
2, 3
List the prime factors of 1237.
1237
List the prime factors of 3474.
2, 3, 193
What are the prime factors of 35602?
2, 7, 2543
What are the prime factors of 121542?
2, 3, 47, 431
List the prime factors of 7957.
73, 109
List the prime factors of 2254.
2, 7, 23
List the prime factors of 49787.
49787
List the prime factors of 482.
2, 241
What are the prime factors of 4384?
2, 137
List the prime factors of 30227.
167, 181
List the prime factors of 2979.
3, 331
List the prime factors of 942.
2, 3, 157
What are the prime factors of 148?
2, 37
List the prime factors of 2173.
41, 53
What are the prime factors of 32172?
2, 3, 7, 383
List the prime factors of 507.
3, 13
List the prime factors of 59410.
2, 5, 13, 457
List the prime factors of 26776.
2, 3347
List the prime factors of 2495.
5, 499
List the prime factors of 2109.
3, 19, 37
List the prime factors of 4214.
2, 7, 43
List the prime factors of 2355.
3, 5, 157
What are the prime factors of 22641?
3, 7547
List the prime factors of 411.
3, 137
List the prime factors of 7934.
2, 3967
What are the prime factors of 113696?
2, 11, 17, 19
What are the prime factors of 8721?
3, 17, 19
List the prime factors of 14662.
2, 7331
List the prime factors of 21959.
7, 3137
What are the prime factors of 6022?
2, 3011
List the prime factors of 10304.
2, 7, 23
List the prime factors of 10836.
2, 3, 7, 43
List the prime factors of 74212.
2, 18553
List the prime factors of 6683.
41, 163
What are the prime factors of 1831?
1831
List the prime factors of 17307.
3, 641
What are the prime factors of 60958?
2, 29, 1051
What are the prime factors of 48435?
3, 5, 3229
What are the prime factors of 17761?
17761
What are the prime factors of 96519?
3, 32173
List the prime factors of 384.
2, 3
List the prime factors of 20903.
20903
List the prime factors of 1742.
2, 13, 67
List the prime factors of 169817.
169817
What are the prime factors of 3462?
2, 3, 577
List the prime factors of 240.
2, 3, 5
What are the prime factors of 7503?
3, 41, 61
List the prime factors of 10255.
5, 7, 293
What are the prime factors of 792?
2, 3, 11
List the prime factors of 7598.
2, 29, 131
List the prime factors of 879.
3, 293
What are the prime factors of 361?
19
What are the prime factors of 3599?
59, 61
What are the prime factors of 98829?
3, 79, 139
What are the prime factors of 19384?
2, 2423
List the prime factors of 4.
2
What are the prime factors of 3279?
3, 1093
What are the prime factors of 2483?
13, 191
List the prime factors of 41018.
2, 20509
What are the prime factors of 882?
2, 3, 7
List the prime factors of 2745.
3, 5, 61
List the prime factors of 12392.
2, 1549
What are the prime factors of 32078?
2, 43, 373
List the prime factors of 189.
3, 7
List the prime factors of 7247.
7247
List the prime factors of 28811.
47, 613
List the prime factors of 31026.
2, 3, 5171
What are the prime factors of 14291?
31, 461
List the prime factors of 92206.
2, 46103
List the prime factors of 3102.
2, 3, 11, 47
List the prime factors of 9110.
2, 5, 911
What are the prime factors of 31739?
17, 1867
List the prime factors of 26336.
2, 823
List the prime factors of 5757.
3, 19, 101
List the prime factors of 12450.
2, 3, 5, 83
What are the prime factors of 3537?
3, 131
What are the prime factors of 6257?
6257
List the prime factors of 6701.
6701
What are the prime factors of 394?
2, 197
What are the prime factors of 14262?
2, 3, 2377
List the prime factors of 3249.
3, 19
List the prime factors of 3140.
2, 5, 157
What are the prime factors of 10054?
2, 11, 457
List the prime factors of 28149.
3, 11, 853
List the prime factors of 521.
521
What are the prime factors of 3209?
3209
List the prime factors of 195.
3, 5, 13
List the prime factors of 26774.
2, 11, 1217
List the prime factors of 3070.
2, 5, 307
List the prime factors of 25858.
2, 7, 1847
List the prime factors of 9457.
7, 193
List the prime factors of 2744.
2, 7
List the prime factors of 5344.
2, 167
What are the prime factors of 30817?
30817
List the prime factors of 574.
2, 7, 41
What are the prime factors of 3146?
2, 11, 13
List the prime factors of 7002.
2, 3, 389
What are the prime factors of 1769?
29, 61
What are the prime factors of 100928?
2, 19, 83
What are the prime factors of 13668?
2, 3, 17, 67
List the prime factors of 6961.
6961
What are the prime factors of 5414?
2, 2707
List the prime factors of 141.
3, 47
List the prime factors of 82558.
2, 7, 5897
What are the prime factors of 12640?
2, 5, 79
What are the prime factors of 162